 by 13?
10
Calculate the remainder when 19 is divided by 12.
7
Calculate the remainder when 120 is divided by 25.
20
Calculate the remainder when 4272 is divided by 47.
42
What is the remainder when 31257 is divided by 20?
17
What is the remainder when 12990 is divided by 73?
69
Calculate the remainder when 144 is divided by 127.
17
What is the remainder when 80 is divided by 31?
18
What is the remainder when 824 is divided by 64?
56
Calculate the remainder when 211 is divided by 66.
13
Calculate the remainder when 72 is divided by 37.
35
Calculate the remainder when 510 is divided by 57.
54
What is the remainder when 716 is divided by 22?
12
Calculate the remainder when 100 is divided by 51.
49
Calculate the remainder when 3104 is divided by 18.
8
What is the remainder when 684 is divided by 135?
9
What is the remainder when 211 is divided by 54?
49
What is the remainder when 61 is divided by 21?
19
What is the remainder when 317 is divided by 14?
9
What is the remainder when 46 is divided by 43?
3
Calculate the remainder when 285 is divided by 27.
15
Calculate the remainder when 40 is divided by 22.
18
Calculate the remainder when 1799 is divided by 47.
13
Calculate the remainder when 744 is divided by 188.
180
Calculate the remainder when 179 is divided by 51.
26
Calculate the remainder when 4438 is divided by 67.
16
What is the remainder when 241 is divided by 32?
17
Calculate the remainder when 9048 is divided by 31.
27
Calculate the remainder when 5878 is divided by 24.
22
What is the remainder when 164 is divided by 49?
17
Calculate the remainder when 753 is divided by 42.
39
Calculate the remainder when 703 is divided by 21.
10
What is the remainder when 118 is divided by 62?
56
Calculate the remainder when 1236 is divided by 247.
1
Calculate the remainder when 7121 is divided by 35.
16
What is the remainder when 52 is divided by 13?
0
What is the remainder when 22 is divided by 16?
6
What is the remainder when 114 is divided by 77?
37
Calculate the remainder when 658 is divided by 22.
20
What is the remainder when 699 is divided by 138?
9
What is the remainder when 410 is divided by 104?
98
Calculate the remainder when 3257 is divided by 16.
9
Calculate the remainder when 983 is divided by 177.
98
What is the remainder when 6050 is divided by 8?
2
What is the remainder when 614 is divided by 199?
17
Calculate the remainder when 316 is divided by 55.
41
What is the remainder when 141 is divided by 11?
9
Calculate the remainder when 378 is divided by 96.
90
Calculate the remainder when 1362 is divided by 7.
4
Calculate the remainder when 214 is divided by 73.
68
Calculate the remainder when 92 is divided by 10.
2
Calculate the remainder when 924 is divided by 84.
0
Calculate the remainder when 159 is divided by 81.
78
Calculate the remainder when 328 is divided by 151.
26
What is the remainder when 107 is divided by 28?
23
Calculate the remainder when 1767 is divided by 15.
12
Calculate the remainder when 214 is divided by 24.
22
What is the remainder when 249 is divided by 42?
39
Calculate the remainder when 380 is divided by 78.
68
What is the remainder when 12437 is divided by 8?
5
What is the remainder when 3249 is divided by 1623?
3
What is the remainder when 2230 is divided by 77?
74
What is the remainder when 153 is divided by 60?
33
What is the remainder when 13909 is divided by 107?
106
What is the remainder when 97 is divided by 7?
6
Calculate the remainder when 535 is divided by 89.
1
Calculate the remainder when 644 is divided by 68.
32
Calculate the remainder when 1764 is divided by 8.
4
Calculate the remainder when 3177 is divided by 106.
103
What is the remainder when 154 is divided by 24?
10
What is the remainder when 71 is divided by 30?
11
Calculate the remainder when 1186 is divided by 80.
66
What is the remainder when 2536 is divided by 47?
45
What is the remainder when 121 is divided by 7?
2
Calculate the remainder when 116 is divided by 62.
54
Calculate the remainder when 351 is divided by 88.
87
What is the remainder when 615 is divided by 152?
7
Calculate the remainder when 299 is divided by 30.
29
Calculate the remainder when 8182 is divided by 2726.
4
What is the remainder when 321 is divided by 56?
41
What is the remainder when 146 is divided by 51?
44
What is the remainder when 4589 is divided by 15?
14
Calculate the remainder when 3047 is divided by 12.
11
Calculate the remainder when 439 is divided by 22.
21
Calculate the remainder when 647 is divided by 18.
17
Calculate the remainder when 480 is divided by 166.
148
What is the remainder when 197 is divided by 70?
57
What is the remainder when 25 is divided by 13?
12
Calculate the remainder when 4966 is divided by 138.
136
Calculate the remainder when 120 is divided by 25.
20
Calculate the remainder when 573 is divided by 14.
13
What is the remainder when 163 is divided by 41?
40
What is the remainder when 8558 is divided by 26?
4
What is the remainder when 195 is divided by 51?
42
Calculate the remainder when 626 is divided by 117.
41
What is the remainder when 384 is divided by 39?
33
Calculate the remainder when 210 is divided by 124.
86
Calculate the remainder when 2022 is divided by 8.
6
Calculate the remainder when 1197 is divided by 100.
97
Calculate the remainder when 181 is divided by 92.
89
Calculate the remainder when 33537 is divided by 39.
36
Calculate the remainder when 565 is divided by 19.
14
Calculate the remainder when 478 is divided by 4.
2
What is the remainder when 536 is divided by 68?
60
Calculate the remainder when 843 is divided by 108.
87
Calculate the remainder when 239 is divided by 42.
29
Calculate the remainder when 2753 is divided by 26.
23
What is the remainder when 4246 is divided by 1412?
10
What is the remainder when 84 is divided by 64?
20
Calculate the remainder when 562 is divided by 24.
10
What is the remainder when 278 is divided by 81?
35
Calculate the remainder when 409 is divided by 4.
1
Calculate the remainder when 2858 is divided by 170.
138
Calculate the remainder when 370 is divided by 154.
62
Calculate the remainder when 671 is divided by 21.
20
Calculate the remainder when 69 is divided by 47.
22
What is the remainder when 92 is divided by 27?
11
What is the remainder when 113 is divided by 62?
51
What is the remainder when 148 is divided by 6?
4
Calculate the remainder when 72 is divided by 21.
9
Calculate the remainder when 422 is divided by 210.
2
What is the remainder when 2673 is divided by 19?
13
What is the remainder when 5506 is divided by 10?
6
What is the remainder when 3639 is divided by 202?
3
What is the remainder when 740 is divided by 179?
24
Calculate the remainder when 79 is divided by 10.
9
What is the remainder when 3346 is divided by 54?
52
Calculate the remainder when 37 is divided by 18.
1
What is the remainder when 5176 is divided by 167?
166
Calculate the remainder when 397 is divided by 68.
57
Calculate the remainder when 114 is divided by 30.
24
Calculate the remainder when 202 is divided by 41.
38
What is the remainder when 553 is divided by 107?
18
What is the remainder when 77 is divided by 25?
2
What is the remainder when 430 is divided by 18?
16
What is the remainder when 1630 is divided by 23?
20
Calculate the remainder when 1070 is divided by 17.
16
Calculate the remainder when 914 is divided by 212.
66
Calculate the remainder when 644 is divided by 129.
128
What is the remainder when 104 is divided by 27?
23
Calculate the remainder when 7079 is divided by 40.
39
Calculate the remainder when 7117 is divided by 16.
13
Calculate the remainder when 89 is divided by 36.
17
Calculate the remainder when 7818 is divided by 115.
113
What is the remainder when 123 is divided by 88?
35
Calculate the remainder when 683 is divided by 7.
4
Calculate the remainder when 905 is divided by 58.
35
Calculate the remainder when 4619 is divided by 154.
153
Calculate the remainder when 247 is divided by 83.
81
Calculate the remainder when 1411 is divided by 181.
144
What is the remainder when 95 is divided by 10?
5
Calculate the remainder when 131 is divided by 9.
5
Calculate the remainder when 116 is divided by 8.
4
What is the remainder when 20152 is divided by 29?
26
Calculate the remainder